is divided by 589?
10
What is the remainder when 616 is divided by 57?
46
What is the remainder when 2310 is divided by 1138?
34
What is the remainder when 225 is divided by 114?
111
What is the remainder when 1663 is divided by 548?
19
What is the remainder when 159 is divided by 50?
9
Calculate the remainder when 10776 is divided by 20.
16
Calculate the remainder when 2337 is divided by 52.
49
What is the remainder when 93 is divided by 15?
3
What is the remainder when 2011 is divided by 13?
9
Calculate the remainder when 1899 is divided by 16.
11
Calculate the remainder when 25497 is divided by 10.
7
What is the remainder when 82 is divided by 17?
14
What is the remainder when 527 is divided by 39?
20
Calculate the remainder when 256 is divided by 81.
13
What is the remainder when 949 is divided by 106?
101
What is the remainder when 1763 is divided by 8?
3
What is the remainder when 307 is divided by 29?
17
What is the remainder when 309 is divided by 21?
15
Calculate the remainder when 8635 is divided by 15.
10
Calculate the remainder when 10770 is divided by 7.
4
What is the remainder when 1057 is divided by 30?
7
What is the remainder when 5096 is divided by 68?
64
Calculate the remainder when 4016 is divided by 35.
26
Calculate the remainder when 372 is divided by 121.
9
Calculate the remainder when 19 is divided by 9.
1
What is the remainder when 4765 is divided by 1189?
9
What is the remainder when 5913 is divided by 58?
55
What is the remainder when 129 is divided by 128?
1
Calculate the remainder when 433 is divided by 144.
1
What is the remainder when 607 is divided by 16?
15
Calculate the remainder when 1445 is divided by 91.
80
Calculate the remainder when 367 is divided by 86.
23
Calculate the remainder when 189 is divided by 31.
3
What is the remainder when 834 is divided by 111?
57
What is the remainder when 130 is divided by 70?
60
What is the remainder when 149 is divided by 56?
37
What is the remainder when 377 is divided by 124?
5
Calculate the remainder when 24 is divided by 9.
6
Calculate the remainder when 712 is divided by 73.
55
Calculate the remainder when 648 is divided by 109.
103
Calculate the remainder when 1057 is divided by 51.
37
Calculate the remainder when 148 is divided by 59.
30
Calculate the remainder when 95 is divided by 16.
15
What is the remainder when 206 is divided by 55?
41
What is the remainder when 350 is divided by 118?
114
Calculate the remainder when 6819 is divided by 2273.
0
Calculate the remainder when 620 is divided by 69.
68
What is the remainder when 1407 is divided by 19?
1
What is the remainder when 97 is divided by 14?
13
What is the remainder when 67 is divided by 20?
7
What is the remainder when 267 is divided by 30?
27
Calculate the remainder when 494 is divided by 33.
32
What is the remainder when 2367 is divided by 782?
21
What is the remainder when 47 is divided by 12?
11
Calculate the remainder when 699 is divided by 336.
27
Calculate the remainder when 1585 is divided by 122.
121
Calculate the remainder when 40510 is divided by 24.
22
Calculate the remainder when 2190 is divided by 183.
177
Calculate the remainder when 1204 is divided by 55.
49
What is the remainder when 5753 is divided by 6?
5
Calculate the remainder when 1094 is divided by 122.
118
Calculate the remainder when 618 is divided by 161.
135
Calculate the remainder when 2432 is divided by 58.
54
Calculate the remainder when 329 is divided by 80.
9
Calculate the remainder when 21 is divided by 10.
1
Calculate the remainder when 414 is divided by 22.
18
What is the remainder when 4169 is divided by 97?
95
What is the remainder when 40 is divided by 21?
19
Calculate the remainder when 63 is divided by 16.
15
What is the remainder when 526 is divided by 17?
16
What is the remainder when 882 is divided by 59?
56
Calculate the remainder when 4999 is divided by 91.
85
Calculate the remainder when 247 is divided by 28.
23
What is the remainder when 105 is divided by 21?
0
What is the remainder when 463 is divided by 58?
57
What is the remainder when 1425 is divided by 17?
14
Calculate the remainder when 547 is divided by 55.
52
Calculate the remainder when 193 is divided by 58.
19
Calculate the remainder when 34 is divided by 33.
1
What is the remainder when 277 is divided by 73?
58
Calculate the remainder when 38 is divided by 21.
17
Calculate the remainder when 193 is divided by 4.
1
What is the remainder when 377 is divided by 42?
41
What is the remainder when 1759 is divided by 41?
37
What is the remainder when 159 is divided by 49?
12
Calculate the remainder when 951 is divided by 31.
21
What is the remainder when 638 is divided by 189?
71
What is the remainder when 604 is divided by 140?
44
What is the remainder when 969 is divided by 15?
9
Calculate the remainder when 837 is divided by 137.
15
What is the remainder when 105 is divided by 36?
33
What is the remainder when 2904 is divided by 9?
6
Calculate the remainder when 19224 is divided by 287.
282
Calculate the remainder when 2221 is divided by 112.
93
Calculate the remainder when 56 is divided by 12.
8
Calculate the remainder when 87313 is divided by 298.
297
Calculate the remainder when 1263 is divided by 31.
23
What is the remainder when 8325 is divided by 24?
21
What is the remainder when 162 is divided by 33?
30
Calculate the remainder when 270 is divided by 31.
22
What is the remainder when 521 is divided by 292?
229
Calculate the remainder when 955 is divided by 312.
19
Calculate the remainder when 79 is divided by 15.
4
What is the remainder when 213 is divided by 37?
28
What is the remainder when 287 is divided by 74?
65
Calculate the remainder when 305 is divided by 34.
33
Calculate the remainder when 141 is divided by 58.
25
Calculate the remainder when 1760 is divided by 126.
122
What is the remainder when 105 is divided by 27?
24
Calculate the remainder when 1704 is divided by 19.
13
Calculate the remainder when 263 is divided by 19.
16
Calculate the remainder when 31665 is divided by 182.
179
Calculate the remainder when 142 is divided by 48.
46
Calculate the remainder when 395 is divided by 12.
11
Calculate the remainder when 58 is divided by 23.
12
What is the remainder when 1179 is divided by 2?
1
What is the remainder when 272 is divided by 5?
2
Calculate the remainder when 550 is divided by 549.
1
What is the remainder when 328 is divided by 113?
102
Calculate the remainder when 241 is divided by 12.
1
Calculate the remainder when 214 is divided by 56.
46
What is the remainder when 154 is divided by 49?
7
Calculate the remainder when 194 is divided by 88.
18
Calculate the remainder when 179 is divided by 16.
3
What is the remainder when 258 is divided by 7?
6
Calculate the remainder when 2188 is divided by 30.
28
Calculate the remainder when 559 is divided by 230.
99
Calculate the remainder when 392 is divided by 12.
8
What is the remainder when 2214 is divided by 79?
2
Calculate the remainder when 1196 is divided by 16.
12
Calculate the remainder when 2177 is divided by 205.
127
Calculate the remainder when 724 is divided by 28.
24
Calculate the remainder when 111 is divided by 19.
16
What is the remainder when 174 is divided by 26?
18
What is the remainder when 6721 is divided by 81?
79
What is the remainder when 199 is divided by 196?
3
Calculate the remainder when 59 is divided by 10.
9
What is the remainder when 64 is divided by 15?
4
What is the remainder when 43 is divided by 35?
8
What is the remainder when 2534 is divided by 195?
194
What is the remainder when 4 is divided by 4?
0
What is the remainder when 349 is divided by 59?
54
What is the remainder when 2533 is divided by 49?
34
Calculate the remainder when 778 is divided by 15.
13
Calculate the remainder when 178 is divided by 18.
16
What is the remainder when 752 is divided by 442?
310
What is the remainder when 222 is divided by 48?
30
Calculate the remainder when 32 is divided by 18.
14
Calculate the remainder when 94165 is divided by 197.
196
Calculate the remainder when 355 is divided by 176.
3
What is the remainder when 248 is divided by 5?
3
What is the remainder when 78 is divided by 40?
38
Calculate the remainder when 320 is divided by 42.
26
Calculate the remai